d(s).
3
Let y(n) = -334*n - 5343. Let m be y(-16). Let f(v) = -26*v**2 - 2*v + 1. What is f(m)?
-27
Let d(t) = 833*t - 2*t**2 - 1690*t - 58 + 836*t. Give d(-7).
-9
Let p(v) be the second derivative of -v**3/6 - 6*v**2 - 2*v - 151. Let l = 1 + -13. What is p(l)?
0
Let c(s) be the first derivative of s**4/4 - 2*s**3/3 - 5*s**2/2 - 15*s - 4431. Calculate c(4).
-3
Let u(s) = -11*s + 69. Let y(h) = 3*h - 29. Let f(p) = 2*u(p) + 7*y(p). What is f(-23)?
-42
Let q(p) be the third derivative of 0*p + 2/3*p**3 + 273*p**2 + 0 + 5/12*p**4 + 1/60*p**5. Suppose 67 - 27 = -5*u. Calculate q(u).
-12
Let i(h) = -h**3 + 8*h**2 + 9*h + 11. Let c be (-60)/(-90) + 356/6. Suppose -5*l + c - 15 = 0. Determine i(l).
11
Let k(s) = -s**3 + 4*s**2 + 2. Let w be 118 - (-6)/(-9)*3. Suppose -2*d - 5*u = -143, -4*d + 6*d = 4*u + w. Let x = d - 60. What is k(x)?
2
Suppose -155*k + 3 = -154*k. Let v(g) = 1. Let y(t) = t - 3. Let h(a) = 3*v(a) + 2*y(a). What is h(k)?
3
Let k(o) = 2*o**2 + 2*o - 7. Let t(m) = -m**2 + m. Let v(j) = k(j) + 3*t(j). Suppose 24*w - 60 = 14*w. Calculate v(w).
-13
Let o(j) be the first derivative of -j**3/3 - 12*j**2 - 45*j - 1866. What is o(-22)?
-1
Let o(p) be the first derivative of p**4/2 - 4*p**3/3 - 4*p**2 + 14*p - 1520. Calculate o(3).
8
Let t(z) be the first derivative of -z**2 + 34*z + 19. Let o be t(13). Suppose o*g + 18 + 38 = 0. Let u(n) = -n**3 - 8*n**2 - 4*n + 10. What is u(g)?
-11
Let r(d) = 2*d + 93. Let p(u) = -10*u**2 + 44*u - 93. Let z be p(2). Determine r(z).
3
Suppose 0 = 69*p - 18*p + 37*p + 968. Let d(r) = r**2 + 14*r - 4. Calculate d(p).
-37
Let o(m) = m**2 + 3*m + 1. Suppose 0 = -51*w + 49*w + 6. Let n be w/(-12) + (-9)/(-4). Let h be (-1)/(4/16) + n. Calculate o(h).
-1
Let a(m) = m**3 + 4*m**2 + m - 2. Let i = 2398 + -2402. Determine a(i).
-6
Let b(d) = 78*d - 243*d + 4 + 86*d + 78*d - 3. Suppose -5*u - 3*h - h + 6 = 0, -4 = -4*u - 3*h. Let x(p) = p + 1. Let k(t) = u*x(t) + b(t). What is k(-1)?
2
Let z be ((-55)/10 + 3)/(180/(-144)). Let j(t) be the first derivative of 2*t**2 - 2*t - 1. What is j(z)?
6
Let f(l) be the second derivative of 11/24*l**4 + 0 + 7/3*l**3 - 32*l - 1/60*l**5 - 5/2*l**2. Let a(d) be the first derivative of f(d). Determine a(12).
2
Let w(n) = -2*n**3 - 15*n**2 + 7*n. Let r(g) = g**2 + 5*g - 112. Let c be r(-13). Give w(c).
8
Let t(s) = -185*s**2 - 2*s - 13. Let v(k) = 123*k**2 + 12. Let h(m) = -2*t(m) - 3*v(m). Suppose 4*l - 2 = -22. What is h(l)?
-5
Let v(s) = 11*s**2 - 31*s - 4. Let i(m) = -21*m**2 + 60*m + 11. Let h(b) = -10*i(b) - 19*v(b). Calculate h(9).
-52
Let n(h) = 15 + 12*h - 6*h - 11*h. Suppose -2*q - 3*p - 31 = 0, 0 = -3*q + 5*p - 9*p - 44. Let r(j) = -3*j + 10. Let k(b) = q*r(b) + 5*n(b). Give k(-6).
1
Let q(z) = -4*z**3 + 1 - 17*z**3 + 22*z**3 + z**2 + z. Let i(b) = -5*b**3 - 9*b**2 - 12*b - 3. Let r(v) = -i(v) - 6*q(v). Determine r(4).
5
Let u(j) = -170*j - 9526. Let f be u(-56). Let n(t) = 3*t**2 + 21*t + 18. Determine n(f).
0
Let s(r) = -2*r**3 - 7*r**2 + 3*r + 21. Suppose -11*f - 18*f - 145 = 0. What is s(f)?
81
Suppose -2*z - 68 = -72. Let w(k) = 17 + 57*k**2 - 14*k - 121*k**2 + 63*k**z + 4*k. Determine w(-12).
-7
Let x(p) = 4*p**2 + 10*p + 11. Suppose -2*f + 3*f = -6. Let a be (f - -2)*9/12. Let h(m) = -m**2 - m - 1. Let r(d) = a*h(d) - x(d). Give r(-7).
-8
Let j(q) = -q**3 + 6*q**2 - 6*q - 7. Let s be j(3). Let g(d) be the second derivative of 1/2*d**3 + 0 - 1/20*d**5 + 1/12*d**4 - 2*d**s + 19*d. Calculate g(3).
-13
Let c(i) = -59*i + 274. Suppose -102 + 1111 = 345*w - 716. What is c(w)?
-21
Let z(y) = -4150*y**2 + 54*y + 48 + 2063*y**2 + 2088*y**2. What is z(-53)?
-5
Let y(w) = 424*w + 7 - 4*w**3 + 3*w**3 - 421*w + 4*w**2. Let m(q) = -2*q**2 + 21*q - 35. Let k be m(8). Calculate y(k).
-3
Suppose -3*m - 4 = -m. Let h(l) = -31*l + l**3 + 37*l + 5*l - 10*l - 251*l**2 + 1 + 254*l**2. Determine h(m).
3
Suppose 2*y + 219 = 17*y + 39. Let x(n) = -3*n + 39. Give x(y).
3
Let k(o) = -2*o**3 + 2*o**2 - 3*o + 3. Let v(f) = -6*f + 98. Let q be v(13). Suppose -q*z = -29*z + 18. Determine k(z).
-11
Let v be (2 + 0)/((-54)/(-81)). Let g(m) = 3*m**3 + 8*m**2 - 3*m + 2*m - 2*m**3 - 1 + v*m - 3*m. Let r = -12 - -4. What is g(r)?
7
Let n(l) = 29*l + 88. Suppose 2*k + 2 = 4*w, 5*w - 45 = -5*k - 65. Calculate n(k).
1
Let w = -180 - -171. Let u(l) = l**3 + 11*l**2 + 18*l - 6. Determine u(w).
-6
Let v be ((-2)/(-5))/(39/180) - 160/(-1040). Let j(y) = -12 + 9 + y + 2*y - y**3. Calculate j(v).
-5
Let c(r) = -r - 17. Let m = 115 - 55. Suppose -31*k - m = -36*k. Suppose 4*b + k = -4*j - j, 24 = -2*b + 2*j. Calculate c(b).
-9
Let x(w) = 2*w**3 - w**2. Let j(b) = -3*b**3 + 12*b**2 + 4*b + 28. Let c(n) = -j(n) - 2*x(n). Give c(-10).
12
Let y(n) = 4*n + 3. Let z(i) = i**2 + 27*i - 62. Suppose 45*u + 841 = 16*u. Let m be z(u). What is y(m)?
-13
Suppose 20 = -k - 5*t - 0*t, -2*k - 5*t - 20 = 0. Let x(p) = 2*p + 2. Let h be x(k). Let a(r) = -2*r**2 - 198*r + 197*r + 0*r**h. Determine a(-1).
-1
Let r(x) be the second derivative of -x**5/2 - x**4/12 + x**3/6 - 3*x**2/2 - x + 2748. Calculate r(1).
-13
Let y(r) = -r**3 - 2*r**2 + 5*r + 4. Let i be (18/(-24))/(1/4). Let u(w) = w**3 - w**2 - 11*w. Let o be u(i). What is y(o)?
-2
Let x be -1*(-2 - 54/(-21))*7. Let q(k) = -13*k**2 - 8*k. Let a(n) = 2*n**2. Let y(h) = 6*a(h) + q(h). Give y(x).
16
Let c(w) = -41 - 6*w**3 - 5*w**3 - 6*w**2 + 15 + 7*w + 12*w**3. Give c(7).
72
Let u(h) = -4*h - 6. Let o(t) = 7*t + 48. Let n be o(-6). Suppose n*a + 7 = -59. Let v be a/2 - (3 + (-15)/6). Determine u(v).
18
Let m(w) be the third derivative of -7*w**6/720 - 7*w**5/120 + 157*w**4/24 + w**3/6 + 2*w**2 + 22. Let j(u) be the second derivative of m(u). Calculate j(-5).
28
Let z(a) = -11*a**2 - a - 2. Suppose -18*o - 13 = 23. Calculate z(o).
-44
Let n(x) = -x**2 - 6*x - 6. Let l be n(-4). Let z(y) = y**2 - 26*y + 0*y**2 + 33*y + l + 0*y**2. Let k = -10 + 5. Give z(k).
-8
Let s(j) be the third derivative of -j**4/3 - 5*j**3/3 - 8*j**2 + 5*j. What is s(-7)?
46
Let a(h) = -21*h + 1301. Let y be a(62). Let k(v) = 3*v**3 + 2*v**2 - 4*v - 5. What is k(y)?
-2
Let g(j) be the first derivative of -j**3/3 + j**2/2 + 10*j - 1798. Calculate g(-3).
-2
Let y = 14034 - 14044. Let d(r) = 2 - 3*r**2 + 1 + 4*r**2 + 11*r. Determine d(y).
-7
Let z(h) = h. Let q be z(5). Suppose -2*o = q - 7. Let s(n) = -3*n - 9. Let v(r) = -r - 2. Let u(g) = -4*s(g) + 18*v(g). What is u(o)?
-6
Let f = 45117 + -45107. Let g(r) = 7*r**2 - 68*r - 24. What is g(f)?
-4
Let s(c) = c**3 - 2*c**2. Let v(z) = -3*z**3 - 23*z**2 - 30*z - 72. Let f(b) = -4*s(b) - v(b). Determine f(32).
8
Let g(m) = 7 + 3*m - 2*m - 2*m. Let o be 6 - ((-64)/(-56) + (-2 - 91/(-49))). What is g(o)?
2
Let p be (-72 - -71)*4/(-3)*-3. Let a(d) = d**2 - 21*d - 67. Give a(p).
33
Let c be 4 - (9 - (-6 - -19)). Let x(p) = -p**3 + 5*p**2 + 12*p - 19. Determine x(c).
-115
Let i(u) be the third derivative of -u**5/60 - 7*u**4/8 - 31*u**3/6 - 2*u**2 + 545*u. What is i(-19)?
7
Let q(h) = -65*h + 23 + 29*h + 37*h. Let y be q(-19). Let d(x) = -x**2 + 7*x - 12. Let g be d(y). Let i(v) = -v**2 - 7. Calculate i(g).
-7
Let f(o) = o**3 + 8*o**2 + 8*o - 7. Suppose 3*w - 5*z + 482 = 0, -2*w + 0*w - 296 = 3*z. Let u = 147 + w. What is f(u)?
-14
Let b be (-1 - (2 + 0))/(153/51). Let w(i) = -i - 5. Determine w(b).
-4
Let h = 39 - 36. Let n(v) = 0*v - v + 9 + h - 15. Let i = 8 + -11. Give n(i).
0
Let l(h) be the second derivative of -h**5/20 - 5*h**4/12 - 5*h**3/6 + 13*h. Let t = -261 - -257. Calculate l(t).
4
Suppose -3*u + 8 = -26*o + 27*o, -2*u - 4 = 3*o. Let v(h) = h**3 - 2*h**2 - 4*h + 12. Calculate v(u).
28
Suppose -5*i - 2*j - 2 = -i, -2*i + 8 = -2*j. Suppose -z - 235 = -3*r, -3*z - 247 = -3*r + z. Let g(s) = -r*s + 42*s + 43*s. What is g(i)?
8
Let l(b) = -1 + b**2 + 64*b - 64*b. Suppose -14*y = -19*y + 35. Suppose -6*g = -y*g. Calculate l(g).
-1
Suppose 5*a + 4*i - 104 = 0, -a - 5*i + 20 = -4*i. Let c(r) = -r**2 + 27*r - 69. Determine c(a).
3
Let z(r) = -5*r - 19. Let u = -2153 - -2148. Determine z(u).
6
Suppose j = -2*f, 5*j + 2*f + 6 + 18 = 0. Let r(l) = -l**3 - 5*l**2 + 7*l + 20. Let s be r(j). Let q(t) = -t + 6. What is q(s)?
-8
Let p(l) = 6 - 14895*l - 1 - 3 + 4 + 14897*l - 4. Let r(z) = -z**2 - 6*z - 1. Let x be r(-5). What is p(x)?
10
Let x(m) = -m**3 + m**2 + m 